112 a factor of 12432?
True
Is 11393 a multiple of 78?
False
Is 14 a factor of 294?
True
Is 20 a factor of 27356?
False
Is 33 a factor of 31482?
True
Is 39 a factor of 234?
True
Is 602 a multiple of 4?
False
Does 2 divide 4771?
False
Is 47 a factor of 8413?
True
Is 3732 a multiple of 15?
False
Is 9 a factor of 1053?
True
Does 84 divide 8187?
False
Is 4654 a multiple of 7?
False
Does 47 divide 15910?
False
Does 74 divide 41144?
True
Is 16276 a multiple of 26?
True
Is 66 a factor of 869?
False
Is 14 a factor of 8190?
True
Is 42 a factor of 345?
False
Is 407 a multiple of 97?
False
Does 18 divide 1872?
True
Is 649 a multiple of 103?
False
Does 57 divide 404?
False
Is 45 a multiple of 17?
False
Is 49 a multiple of 42?
False
Does 12 divide 630?
False
Does 60 divide 1500?
True
Is 49 a factor of 36243?
False
Is 22 a factor of 24245?
False
Is 14 a factor of 1358?
True
Is 9153 a multiple of 81?
True
Does 5 divide 970?
True
Is 380 a multiple of 76?
True
Does 10 divide 7690?
True
Does 26 divide 14910?
False
Is 49 a factor of 2205?
True
Is 66 a factor of 6137?
False
Is 494 a multiple of 26?
True
Is 6 a factor of 855?
False
Is 45018 a multiple of 123?
True
Does 5 divide 17?
False
Is 85170 a multiple of 168?
False
Is 362 a multiple of 50?
False
Does 8 divide 63?
False
Does 28 divide 5572?
True
Does 21 divide 535?
False
Is 7 a factor of 19634?
False
Is 541 a multiple of 22?
False
Does 122 divide 16226?
True
Is 44 a factor of 14036?
True
Is 43 a factor of 804?
False
Is 24565 a multiple of 17?
True
Is 1632 a multiple of 51?
True
Is 23892 a multiple of 37?
False
Does 22 divide 2408?
False
Is 6 a factor of 1386?
True
Is 24 a multiple of 10?
False
Does 38 divide 46816?
True
Is 880 a multiple of 40?
True
Does 17 divide 612?
True
Does 25 divide 9425?
True
Is 24 a factor of 432?
True
Does 8 divide 1768?
True
Does 19 divide 19?
True
Is 6 a factor of 4224?
True
Is 1092 a multiple of 2?
True
Is 68 a factor of 5644?
True
Does 7 divide 2100?
True
Does 52 divide 832?
True
Is 10 a factor of 2010?
True
Is 20 a factor of 21747?
False
Is 10 a factor of 494?
False
Is 121 a factor of 96974?
False
Is 7 a factor of 232?
False
Is 2028 a multiple of 4?
True
Does 95 divide 3376?
False
Is 16969 a multiple of 15?
False
Does 230 divide 22852?
False
Does 5 divide 91?
False
Is 109 a factor of 6540?
True
Is 431 a multiple of 11?
False
Does 7 divide 300?
False
Does 5 divide 1115?
True
Is 116 a factor of 928?
True
Does 13 divide 1731?
False
Is 5035 a multiple of 53?
True
Is 3 a factor of 1278?
True
Is 27 a factor of 324?
True
Is 57 a factor of 1881?
True
Does 29 divide 1508?
True
Does 55 divide 110?
True
Is 2665 a multiple of 18?
False
Does 15 divide 3945?
True
Does 131 divide 3075?
False
Is 11 a factor of 798?
False
Does 2 divide 740?
True
Is 59 a factor of 3032?
False
Is 8 a factor of 864?
True
Is 48 a factor of 11136?
True
Is 3 a factor of 94?
False
Is 57400 a multiple of 20?
True
Is 962 a multiple of 26?
True
Is 24 a factor of 2831?
False
Is 677 a multiple of 2?
False
Is 10678 a multiple of 49?
False
Does 7 divide 1406?
False
Is 21357 a multiple of 27?
True
Is 81 a multiple of 9?
True
Does 21 divide 4263?
True
Is 14586 a multiple of 26?
True
Is 7 a factor of 21?
True
Does 15 divide 40751?
False
Is 122 a factor of 27861?
False
Does 14 divide 24990?
True
Is 30 a factor of 539?
False
Is 15000 a multiple of 150?
True
Is 104 a factor of 104?
True
Is 978 a multiple of 6?
True
Is 52 a factor of 36816?
True
Is 253 a multiple of 14?
False
Is 31 a factor of 266?
False
Is 41 a factor of 2576?
False
Is 14 a factor of 3211?
False
Does 155 divide 70000?
False
Does 169 divide 72332?
True
Is 3043 a multiple of 7?
False
Is 4 a factor of 26453?
False
Does 107 divide 5350?
True
Is 19 a factor of 49?
False
Is 131 a multiple of 16?
False
Is 9576 a multiple of 126?
True
Is 82 a factor of 8808?
False
Is 254 a multiple of 25?
False
Is 16 a factor of 589?
False
Does 12 divide 4472?
False
Does 14 divide 308?
True
Does 10 divide 254?
False
Is 16659 a multiple of 34?
False
Is 39603 a multiple of 28?
False
Does 204 divide 40369?
False
Is 12 a factor of 1779?
False
Does 47 divide 1410?
True
Is 16072 a multiple of 14?
True
Does 3 divide 563?
False
Is 10290 a multiple of 15?
True
Does 170 divide 18688?
False
Does 18 divide 1152?
True
Is 5538 a multiple of 36?
False
Is 77 a factor of 308?
True
Is 1038 even?
True
Is 25 a factor of 175?
True
Is 9 a factor of 585?
True
Is 178 a multiple of 18?
False
Is 420 a multiple of 9?
False
Is 365 a multiple of 11?
False
Is 6888 a multiple of 82?
True
Does 102 divide 6120?
True
Does 23 divide 2507?
True
Does 19 divide 4959?
True
Is 21 a factor of 40656?
True
Does 47 divide 504?
False
Is 37 a factor of 19980?
True
Does 135 divide 2295?
True
Is 957 a multiple of 29?
True
Is 55 a factor of 2924?
False
Is 5420 a multiple of 10?
True
Is 12 a factor of 2016?
True
Is 11 a factor of 759?
True
Is 34 a factor of 39542?
True
Is 202 a factor of 22740?
False
Is 9878 a multiple of 11?
True
Is 14 a factor of 15996?
False
Does 48 divide 912?
True
Is 51 a factor of 6681?
True
Is 799 a multiple of 6?
False
Does 59 divide 9263?
True
Is 543 a multiple of 6?
False
Is 88 a factor of 9152?
True
Is 250 a multiple of 5?
True
Does 28 divide 1148?
True
Is 106 a multiple of 16?
False
Is 5225 a multiple of 12?
False
Is 8 a factor of 2693?
False
Is 2814 a multiple of 7?
True
Is 41 a factor of 2163?
False
Is 4146 a multiple of 66?
False
Does 61 divide 929?
False
Is 12 a factor of 318?
False
Is 17 a factor of 1445?
True
Does 5 divide 2780?
True
Is 189 a factor of 73521?
True
Is 4324 a multiple of 92?
True
Is 144 a factor of 17461?
False
Is 2 a factor of 1281?
False
Does 24 divide 1280?
False
Does 16 divide 176?
True
Is 1733 a multiple of 86?
False
Does 10 divide 2365?
False
Is 28 a factor of 8208?
False
Is 26 a factor of 16796?
True
Does 184 divide 463?
False
Does 66 divide 7584?
False
Is 52 a factor of 1352?
True
Is 25 a factor of 45599?
False
Does 8 divide 13794?
False
Is 3 a factor of 19587?
True
Is 185 a factor of 21907?
False
Does 14 divide 473?
False
Is 57 a factor of 1368?
True
Is 52360 a multiple of 280?
True
Does 70 divide 46690?
True
Is 3040 a multiple of 32?
True
Is 17654 a multiple of 97?
True
Does 14 divide 56?
True
Is 1292 a multiple of 34?
True
Does 9 divide 33228?
True
Is 200 a multiple of 25?
True
Is 10 a factor of 1863?
False
Is 106 a factor of 43672?
True
Is 8 a factor of 371?
False
Is 1520 a multiple of 20?
True
Is 378 a multiple of 21?
True
Is 31 a factor of 438?
False
Is 44583 a multiple of 192?
False
Does 87 divide 849?
False
Is 147 a multiple of 21?
True
Is 33 a factor of 579?
False
Does 12 divide 2640?
True
Does 23 divide 484?
False
Is 10830 a multiple of 175?
False
Does 6 divide 486?
True
Is 54 a factor of 1206?
False
Is 9045 a multiple of 27?
True
Does 31 divide 133?
False
Is 4192 a multiple of 50?
False
Does 3 divide 176?
False
Is 87825 a multiple of 31?
False
Is 46 a multiple of 5?
False
Does 43 divide 301?
True
Is 14 a factor of 9511?
False
Is 1943 a multiple of 13?
False
Does 14 divide 257?
False
Does 14 divide 28186?
False
Is 6000 a multiple of 25?
True
Is 147 a factor of 15876?
True
Is 13 a factor of 1287?
True
Does 8 divide 15949?
False
Does 28 divide 1848?
True
Is 1920 a multiple of 16?
True
Is 101 a factor of 2020?
True
Is 10519 a multiple of 67?
True
Is 21 a factor of 1911?
True
Is 3318 a multiple of 16?
False
Is 53 a factor of 14473?
False
Is 5 a factor of 367?
False
Is 26316 a multiple of 21?
False
Does 24 divide 951?
False
Is 78435 a multiple of 45?
True
Is 41496 a multiple of 8?
True
Is 80 a factor of 8343?
False
Is 17 a factor of 1224?
True
Is 6 a factor of 206?
False
Is 12 a factor of 252?
True
Is 14 a factor of 6692?
True
Is 2 a factor of 216?
True
Is 35 a factor of 490?
True
Does 79 divide 1598?
False
Is 14 a factor of 2618?
True
Does 17 divide 12614?
True
Does 27 divide 21979?
False
Is 103 a factor of 2748?
False
Is 968 a multiple of 44?
True
Is 28 a factor of 2353?
False
Does 15 divide 2557?
False
Does 9 divide 317?
False
Is 19930 a multiple of 21?
False
Is 15 a factor of 1125?
True
Is 15314 a multiple of 26?
True
Does 46 divide 961?
False
Is 63 a factor of 756?
True
Does 56 divide 49896?
True
Does 267 divide 10947?
True
Is 51 a factor of 616?
False
Is 120 a multi